{"id":34,"date":"2015-07-20T10:24:13","date_gmt":"2015-07-20T10:24:13","guid":{"rendered":"http:\/\/demo.themegrill.com\/himalayas\/?page_id=34"},"modified":"2021-05-26T10:29:27","modified_gmt":"2021-05-26T10:29:27","slug":"ureticilere-elus-karsiligi-kredi-faizi-destegi","status":"publish","type":"page","link":"http:\/\/hikmetseflektarim.com.tr\/index.php\/ureticilere-elus-karsiligi-kredi-faizi-destegi\/","title":{"rendered":"\u00dcRET\u0130C\u0130LERE EL\u00dcS KAR\u015eILI\u011eI KRED\u0130 FA\u0130Z\u0130 DESTE\u011e\u0130"},"content":{"rendered":"<p><span style=\"font-weight: 400;\">03\/01\/2020 Tarihli T.C. Resmi Gazetede Yay\u0131nlanan T.C. Ziraat Bankas\u0131 A.\u015e. ve Tar\u0131m Kredi Kooperatiflerince Tar\u0131msal \u00dcretime Dair D\u00fc\u015f\u00fck Faizli Yat\u0131r\u0131m ve \u0130\u015fletme Kredisi Kulland\u0131r\u0131lmas\u0131na \u0130li\u015fkin Karar (Karar Say\u0131s\u0131: 2015) kapsam\u0131nda;Elektronik \u00dcr\u00fcn Senedi (EL\u00dcS) kar\u015f\u0131l\u0131\u011f\u0131nda, \u00fcretimini yapt\u0131\u011f\u0131 \u00fcr\u00fcn\u00fc lisansl\u0131 depoya teslim eden \u00fcreticilere, \u00fcretim kapasiteleriyle uyumlu olacak \u015fekilde&nbsp;&nbsp;<\/span><b>senet tutar\u0131n\u0131n % 75\u2019ine kadar azami 9 ay vadeli olarak kulland\u0131r\u0131lacak kredi faizlerinde %&nbsp;100 indirim uygulanmaktad\u0131r.<\/b><\/p>\n","protected":false},"excerpt":{"rendered":"<p>03\/01\/2020 Tarihli T.C. Resmi Gazetede Yay\u0131nlanan T.C. Ziraat Bankas\u0131 A.\u015e. ve Tar\u0131m Kredi Kooperatiflerince Tar\u0131msal \u00dcretime Dair D\u00fc\u015f\u00fck Faizli Yat\u0131r\u0131m ve \u0130\u015fletme Kredisi Kulland\u0131r\u0131lmas\u0131na \u0130li\u015fkin Karar (Karar Say\u0131s\u0131: 2015) kapsam\u0131nda;Elektronik \u00dcr\u00fcn Senedi (EL\u00dcS) kar\u015f\u0131l\u0131\u011f\u0131nda, \u00fcretimini yapt\u0131\u011f\u0131 \u00fcr\u00fcn\u00fc lisansl\u0131 depoya teslim eden \u00fcreticilere, \u00fcretim kapasiteleriyle uyumlu olacak \u015fekilde\u00a0\u00a0senet tutar\u0131n\u0131n % 75\u2019ine kadar azami 9 ay vadeli olarak kulland\u0131r\u0131lacak kredi faizlerinde %\u00a0100 indirim uygulanmaktad\u0131r.<\/p>\n","protected":false},"author":1,"featured_media":380,"parent":0,"menu_order":0,"comment_status":"closed","ping_status":"open","template":"page-templates\/template-services.php","meta":[],"yoast_head":"<!-- This site is optimized with the Yoast SEO plugin v16.8 - https:\/\/yoast.com\/wordpress\/plugins\/seo\/ -->\r\n<title>\u00dcRET\u0130C\u0130LERE EL\u00dcS KAR\u015eILI\u011eI KRED\u0130 FA\u0130Z\u0130 DESTE\u011e\u0130 - Hikmet \u015eeflek Tar\u0131m<\/title>\r\n<meta name=\"robots\" content=\"index, follow, max-snippet:-1, max-image-preview:large, max-video-preview:-1\" \/>\r\n<link rel=\"canonical\" href=\"http:\/\/hikmetseflektarim.com.tr\/index.php\/ureticilere-elus-karsiligi-kredi-faizi-destegi\/\" \/>\r\n<meta property=\"og:locale\" content=\"tr_TR\" \/>\r\n<meta property=\"og:type\" content=\"article\" \/>\r\n<meta property=\"og:title\" content=\"\u00dcRET\u0130C\u0130LERE EL\u00dcS KAR\u015eILI\u011eI KRED\u0130 FA\u0130Z\u0130 DESTE\u011e\u0130 - Hikmet \u015eeflek Tar\u0131m\" \/>\r\n<meta property=\"og:description\" content=\"03\/01\/2020 Tarihli T.C. Resmi Gazetede Yay\u0131nlanan T.C. Ziraat Bankas\u0131 A.\u015e. ve Tar\u0131m Kredi Kooperatiflerince Tar\u0131msal \u00dcretime Dair D\u00fc\u015f\u00fck Faizli Yat\u0131r\u0131m ve \u0130\u015fletme Kredisi Kulland\u0131r\u0131lmas\u0131na \u0130li\u015fkin Karar (Karar Say\u0131s\u0131: 2015) kapsam\u0131nda;Elektronik \u00dcr\u00fcn Senedi (EL\u00dcS) kar\u015f\u0131l\u0131\u011f\u0131nda, \u00fcretimini yapt\u0131\u011f\u0131 \u00fcr\u00fcn\u00fc lisansl\u0131 depoya teslim eden \u00fcreticilere, \u00fcretim kapasiteleriyle uyumlu olacak \u015fekilde\u00a0\u00a0senet tutar\u0131n\u0131n % 75\u2019ine kadar azami 9 ay vadeli olarak kulland\u0131r\u0131lacak kredi faizlerinde %\u00a0100 indirim uygulanmaktad\u0131r.\" \/>\r\n<meta property=\"og:url\" content=\"http:\/\/hikmetseflektarim.com.tr\/index.php\/ureticilere-elus-karsiligi-kredi-faizi-destegi\/\" \/>\r\n<meta property=\"og:site_name\" content=\"Hikmet \u015eeflek Tar\u0131m\" \/>\r\n<meta property=\"article:modified_time\" content=\"2021-05-26T10:29:27+00:00\" \/>\r\n<meta property=\"og:image\" content=\"http:\/\/hikmetseflektarim.com.tr\/wp-content\/uploads\/2021\/05\/kredi-faiz.jpg\" \/>\r\n\t<meta property=\"og:image:width\" content=\"1280\" \/>\r\n\t<meta property=\"og:image:height\" content=\"720\" \/>\r\n<meta name=\"twitter:card\" content=\"summary_large_image\" \/>\r\n<script type=\"application\/ld+json\" class=\"yoast-schema-graph\">{\"@context\":\"https:\/\/schema.org\",\"@graph\":[{\"@type\":\"Organization\",\"@id\":\"http:\/\/hikmetseflektarim.com.tr\/#organization\",\"name\":\"Hikmet \\u015eeflek Tar\\u0131m\",\"url\":\"http:\/\/hikmetseflektarim.com.tr\/\",\"sameAs\":[],\"logo\":{\"@type\":\"ImageObject\",\"@id\":\"http:\/\/hikmetseflektarim.com.tr\/#logo\",\"inLanguage\":\"tr\",\"url\":\"http:\/\/hikmetseflektarim.com.tr\/wp-content\/uploads\/2021\/03\/cropped-logo-1.png\",\"contentUrl\":\"http:\/\/hikmetseflektarim.com.tr\/wp-content\/uploads\/2021\/03\/cropped-logo-1.png\",\"width\":512,\"height\":512,\"caption\":\"Hikmet \\u015eeflek Tar\\u0131m\"},\"image\":{\"@id\":\"http:\/\/hikmetseflektarim.com.tr\/#logo\"}},{\"@type\":\"WebSite\",\"@id\":\"http:\/\/hikmetseflektarim.com.tr\/#website\",\"url\":\"http:\/\/hikmetseflektarim.com.tr\/\",\"name\":\"Hikmet \\u015eeflek Tar\\u0131m\",\"description\":\"Lisansl\\u0131 Depoculuk\",\"publisher\":{\"@id\":\"http:\/\/hikmetseflektarim.com.tr\/#organization\"},\"potentialAction\":[{\"@type\":\"SearchAction\",\"target\":{\"@type\":\"EntryPoint\",\"urlTemplate\":\"http:\/\/hikmetseflektarim.com.tr\/?s={search_term_string}\"},\"query-input\":\"required name=search_term_string\"}],\"inLanguage\":\"tr\"},{\"@type\":\"ImageObject\",\"@id\":\"http:\/\/hikmetseflektarim.com.tr\/index.php\/ureticilere-elus-karsiligi-kredi-faizi-destegi\/#primaryimage\",\"inLanguage\":\"tr\",\"url\":\"http:\/\/hikmetseflektarim.com.tr\/wp-content\/uploads\/2021\/05\/kredi-faiz.jpg\",\"contentUrl\":\"http:\/\/hikmetseflektarim.com.tr\/wp-content\/uploads\/2021\/05\/kredi-faiz.jpg\",\"width\":1280,\"height\":720},{\"@type\":\"WebPage\",\"@id\":\"http:\/\/hikmetseflektarim.com.tr\/index.php\/ureticilere-elus-karsiligi-kredi-faizi-destegi\/#webpage\",\"url\":\"http:\/\/hikmetseflektarim.com.tr\/index.php\/ureticilere-elus-karsiligi-kredi-faizi-destegi\/\",\"name\":\"\\u00dcRET\\u0130C\\u0130LERE EL\\u00dcS KAR\\u015eILI\\u011eI KRED\\u0130 FA\\u0130Z\\u0130 DESTE\\u011e\\u0130 - Hikmet \\u015eeflek Tar\\u0131m\",\"isPartOf\":{\"@id\":\"http:\/\/hikmetseflektarim.com.tr\/#website\"},\"primaryImageOfPage\":{\"@id\":\"http:\/\/hikmetseflektarim.com.tr\/index.php\/ureticilere-elus-karsiligi-kredi-faizi-destegi\/#primaryimage\"},\"datePublished\":\"2015-07-20T10:24:13+00:00\",\"dateModified\":\"2021-05-26T10:29:27+00:00\",\"breadcrumb\":{\"@id\":\"http:\/\/hikmetseflektarim.com.tr\/index.php\/ureticilere-elus-karsiligi-kredi-faizi-destegi\/#breadcrumb\"},\"inLanguage\":\"tr\",\"potentialAction\":[{\"@type\":\"ReadAction\",\"target\":[\"http:\/\/hikmetseflektarim.com.tr\/index.php\/ureticilere-elus-karsiligi-kredi-faizi-destegi\/\"]}]},{\"@type\":\"BreadcrumbList\",\"@id\":\"http:\/\/hikmetseflektarim.com.tr\/index.php\/ureticilere-elus-karsiligi-kredi-faizi-destegi\/#breadcrumb\",\"itemListElement\":[{\"@type\":\"ListItem\",\"position\":1,\"name\":\"Home\",\"item\":\"http:\/\/hikmetseflektarim.com.tr\/\"},{\"@type\":\"ListItem\",\"position\":2,\"name\":\"\\u00dcRET\\u0130C\\u0130LERE EL\\u00dcS KAR\\u015eILI\\u011eI KRED\\u0130 FA\\u0130Z\\u0130 DESTE\\u011e\\u0130\"}]}]}<\/script>\r\n<!-- \/ Yoast SEO plugin. -->","yoast_head_json":{"title":"\u00dcRET\u0130C\u0130LERE EL\u00dcS KAR\u015eILI\u011eI KRED\u0130 FA\u0130Z\u0130 DESTE\u011e\u0130 - Hikmet \u015eeflek Tar\u0131m","robots":{"index":"index","follow":"follow","max-snippet":"max-snippet:-1","max-image-preview":"max-image-preview:large","max-video-preview":"max-video-preview:-1"},"canonical":"http:\/\/hikmetseflektarim.com.tr\/index.php\/ureticilere-elus-karsiligi-kredi-faizi-destegi\/","og_locale":"tr_TR","og_type":"article","og_title":"\u00dcRET\u0130C\u0130LERE EL\u00dcS KAR\u015eILI\u011eI KRED\u0130 FA\u0130Z\u0130 DESTE\u011e\u0130 - Hikmet \u015eeflek Tar\u0131m","og_description":"03\/01\/2020 Tarihli T.C. Resmi Gazetede Yay\u0131nlanan T.C. Ziraat Bankas\u0131 A.\u015e. ve Tar\u0131m Kredi Kooperatiflerince Tar\u0131msal \u00dcretime Dair D\u00fc\u015f\u00fck Faizli Yat\u0131r\u0131m ve \u0130\u015fletme Kredisi Kulland\u0131r\u0131lmas\u0131na \u0130li\u015fkin Karar (Karar Say\u0131s\u0131: 2015) kapsam\u0131nda;Elektronik \u00dcr\u00fcn Senedi (EL\u00dcS) kar\u015f\u0131l\u0131\u011f\u0131nda, \u00fcretimini yapt\u0131\u011f\u0131 \u00fcr\u00fcn\u00fc lisansl\u0131 depoya teslim eden \u00fcreticilere, \u00fcretim kapasiteleriyle uyumlu olacak \u015fekilde\u00a0\u00a0senet tutar\u0131n\u0131n % 75\u2019ine kadar azami 9 ay vadeli olarak kulland\u0131r\u0131lacak kredi faizlerinde %\u00a0100 indirim uygulanmaktad\u0131r.","og_url":"http:\/\/hikmetseflektarim.com.tr\/index.php\/ureticilere-elus-karsiligi-kredi-faizi-destegi\/","og_site_name":"Hikmet \u015eeflek Tar\u0131m","article_modified_time":"2021-05-26T10:29:27+00:00","og_image":[{"width":1280,"height":720,"url":"http:\/\/hikmetseflektarim.com.tr\/wp-content\/uploads\/2021\/05\/kredi-faiz.jpg","path":"D:\\vhosts\\hikmetseflektarim.com.tr\\httpdocs\/wp-content\/uploads\/2021\/05\/kredi-faiz.jpg","size":"full","id":380,"alt":"","pixels":921600,"type":"image\/jpeg"}],"twitter_card":"summary_large_image","schema":{"@context":"https:\/\/schema.org","@graph":[{"@type":"Organization","@id":"http:\/\/hikmetseflektarim.com.tr\/#organization","name":"Hikmet \u015eeflek Tar\u0131m","url":"http:\/\/hikmetseflektarim.com.tr\/","sameAs":[],"logo":{"@type":"ImageObject","@id":"http:\/\/hikmetseflektarim.com.tr\/#logo","inLanguage":"tr","url":"http:\/\/hikmetseflektarim.com.tr\/wp-content\/uploads\/2021\/03\/cropped-logo-1.png","contentUrl":"http:\/\/hikmetseflektarim.com.tr\/wp-content\/uploads\/2021\/03\/cropped-logo-1.png","width":512,"height":512,"caption":"Hikmet \u015eeflek Tar\u0131m"},"image":{"@id":"http:\/\/hikmetseflektarim.com.tr\/#logo"}},{"@type":"WebSite","@id":"http:\/\/hikmetseflektarim.com.tr\/#website","url":"http:\/\/hikmetseflektarim.com.tr\/","name":"Hikmet \u015eeflek Tar\u0131m","description":"Lisansl\u0131 Depoculuk","publisher":{"@id":"http:\/\/hikmetseflektarim.com.tr\/#organization"},"potentialAction":[{"@type":"SearchAction","target":{"@type":"EntryPoint","urlTemplate":"http:\/\/hikmetseflektarim.com.tr\/?s={search_term_string}"},"query-input":"required name=search_term_string"}],"inLanguage":"tr"},{"@type":"ImageObject","@id":"http:\/\/hikmetseflektarim.com.tr\/index.php\/ureticilere-elus-karsiligi-kredi-faizi-destegi\/#primaryimage","inLanguage":"tr","url":"http:\/\/hikmetseflektarim.com.tr\/wp-content\/uploads\/2021\/05\/kredi-faiz.jpg","contentUrl":"http:\/\/hikmetseflektarim.com.tr\/wp-content\/uploads\/2021\/05\/kredi-faiz.jpg","width":1280,"height":720},{"@type":"WebPage","@id":"http:\/\/hikmetseflektarim.com.tr\/index.php\/ureticilere-elus-karsiligi-kredi-faizi-destegi\/#webpage","url":"http:\/\/hikmetseflektarim.com.tr\/index.php\/ureticilere-elus-karsiligi-kredi-faizi-destegi\/","name":"\u00dcRET\u0130C\u0130LERE EL\u00dcS KAR\u015eILI\u011eI KRED\u0130 FA\u0130Z\u0130 DESTE\u011e\u0130 - Hikmet \u015eeflek Tar\u0131m","isPartOf":{"@id":"http:\/\/hikmetseflektarim.com.tr\/#website"},"primaryImageOfPage":{"@id":"http:\/\/hikmetseflektarim.com.tr\/index.php\/ureticilere-elus-karsiligi-kredi-faizi-destegi\/#primaryimage"},"datePublished":"2015-07-20T10:24:13+00:00","dateModified":"2021-05-26T10:29:27+00:00","breadcrumb":{"@id":"http:\/\/hikmetseflektarim.com.tr\/index.php\/ureticilere-elus-karsiligi-kredi-faizi-destegi\/#breadcrumb"},"inLanguage":"tr","potentialAction":[{"@type":"ReadAction","target":["http:\/\/hikmetseflektarim.com.tr\/index.php\/ureticilere-elus-karsiligi-kredi-faizi-destegi\/"]}]},{"@type":"BreadcrumbList","@id":"http:\/\/hikmetseflektarim.com.tr\/index.php\/ureticilere-elus-karsiligi-kredi-faizi-destegi\/#breadcrumb","itemListElement":[{"@type":"ListItem","position":1,"name":"Home","item":"http:\/\/hikmetseflektarim.com.tr\/"},{"@type":"ListItem","position":2,"name":"\u00dcRET\u0130C\u0130LERE EL\u00dcS KAR\u015eILI\u011eI KRED\u0130 FA\u0130Z\u0130 DESTE\u011e\u0130"}]}]}},"_links":{"self":[{"href":"http:\/\/hikmetseflektarim.com.tr\/index.php\/wp-json\/wp\/v2\/pages\/34"}],"collection":[{"href":"http:\/\/hikmetseflektarim.com.tr\/index.php\/wp-json\/wp\/v2\/pages"}],"about":[{"href":"http:\/\/hikmetseflektarim.com.tr\/index.php\/wp-json\/wp\/v2\/types\/page"}],"author":[{"embeddable":true,"href":"http:\/\/hikmetseflektarim.com.tr\/index.php\/wp-json\/wp\/v2\/users\/1"}],"replies":[{"embeddable":true,"href":"http:\/\/hikmetseflektarim.com.tr\/index.php\/wp-json\/wp\/v2\/comments?post=34"}],"version-history":[{"count":2,"href":"http:\/\/hikmetseflektarim.com.tr\/index.php\/wp-json\/wp\/v2\/pages\/34\/revisions"}],"predecessor-version":[{"id":381,"href":"http:\/\/hikmetseflektarim.com.tr\/index.php\/wp-json\/wp\/v2\/pages\/34\/revisions\/381"}],"wp:featuredmedia":[{"embeddable":true,"href":"http:\/\/hikmetseflektarim.com.tr\/index.php\/wp-json\/wp\/v2\/media\/380"}],"wp:attachment":[{"href":"http:\/\/hikmetseflektarim.com.tr\/index.php\/wp-json\/wp\/v2\/media?parent=34"}],"curies":[{"name":"wp","href":"https:\/\/api.w.org\/{rel}","templated":true}]}}